0)?
3
What is the tens digit of (1 - 4 - -4) + 72?
7
Let h(y) = y**3 - 7*y**2 - 4. Let f(n) = n**3 - n**2 - 1. Let p(d) = 2*f(d) - h(d). Let q be p(-5). Suppose 24 = q*i + 6. What is the units digit of i?
9
Let q = -26 + 30. Suppose p = 5*o + 3*p - 104, -84 = -q*o - 2*p. What is the units digit of o?
0
Let j = -25 + 36. What is the units digit of j?
1
Let f be (-1 + -3)*(-3 + 2). Suppose f*s = -3*l - 0 - 4, -5*l - 12 = 4*s. What is the units digit of s?
2
Let h = -1 + 3. Suppose 0 = 3*w + h*q - 32, 2*w + q = 3*q + 28. What is the units digit of 28/(-2)*w/(-14)?
2
What is the tens digit of (-7)/35 + ((-3813)/(-5))/3?
5
Suppose 4*k + 40 = 2*x, -2*k - k = -3*x + 54. What is the tens digit of x?
1
Let p = -4 + 7. Let n(h) = 0*h**2 + h + h**3 + 9 - h**2 - 2*h**p. What is the units digit of n(0)?
9
Let i(g) = -g**2 + 7*g - 4. Let m be i(5). Let w(j) = -j**3 + 7*j**2 - 2*j + 5. Let f be w(m). Suppose 0 = 4*p - f - 15. What is the units digit of p?
1
Let k(m) be the first derivative of -m**4/4 - 3*m**3 - 9*m**2/2 + 6. What is the units digit of k(-8)?
8
Let u(k) = -k**3 + 6*k**2 - 5*k - 4. Let m be u(4). Let s(h) = 2 - 4 - h**2 - m*h + h. What is the units digit of s(-6)?
4
Let h be (-2)/(-3)*(-6 - 3). Let v(t) = -t**2 - 9*t - 1. What is the units digit of v(h)?
7
Suppose -1 = -x + 4. Suppose u = -3*g - 4*u + 25, -3*g = -x*u + 25. Suppose -3*t + 22 + 23 = g. What is the units digit of t?
5
Let u = 33 - 28. What is the units digit of u?
5
Let x(c) = -c**3 - 2*c**2 + 2*c + 4. Let i be (-4)/10 - (-65)/(-25). What is the units digit of x(i)?
7
Suppose -42 - 162 = -4*d. Suppose d = 3*y - 18. What is the units digit of y?
3
Suppose -v - x + 0*x + 9 = 0, -4*v + x + 16 = 0. Suppose -v*g = -3 - 7. Suppose -f + 4*m = 2, g*m - 2 = -0. What is the units digit of f?
2
Let b(u) = -3*u - 4. Let i be b(-2). Suppose i*p + 3 = y, -5*y - p - 2 = -6*y. What is the units digit of y?
1
What is the units digit of (27/(-12))/((-2)/8)?
9
Let p = -526 - -889. What is the hundreds digit of p?
3
Let z = -99 + 175. What is the units digit of z?
6
Suppose 8*j = 4*j + 104. What is the tens digit of j?
2
Let f be 2/12*-2*0. Suppose 3*d = -f*d + 6. Suppose -p - d*p + 9 = 0. What is the units digit of p?
3
Let y be 6/4*(-8)/(-12). Let z = 6 - y. What is the units digit of z?
5
Let f(q) be the second derivative of 5*q**4/12 - q**3/6 + q**2/2 - q. What is the units digit of f(1)?
5
Suppose 5*t = -2*s - 36, 33 = -3*s + 3*t - 0*t. Let x be (4/10 - 0)*60. Let q = x + s. What is the tens digit of q?
1
Let c(u) = u**2 + 7*u + 6. Let a be c(-6). Suppose -5*s + 15 = -a*s. What is the units digit of (1/s)/((-1)/(-15))?
5
Let l(i) = -i**2 + 11*i - 2. What is the units digit of l(8)?
2
Suppose 4*i + 0*i - 324 = 0. Suppose 4*f - 3*d - i = 0, -15 - 18 = -2*f - d. What is the units digit of f?
8
Let x(w) = -w - 18. Let z be x(-8). Let y = 4 + z. What is the units digit of (-20)/y*12/5?
8
Let j(m) = -m**3 + m**2 - 10*m - 9. What is the units digit of j(-5)?
1
Let r(a) be the second derivative of -a**3/3 - 4*a**2 - 2*a. What is the units digit of r(-6)?
4
What is the units digit of (-8)/4 + -1 - -53?
0
Let z = 70 - 41. What is the units digit of z?
9
Suppose -i + 17 = -5*j, -3*i - 11 = 3*j + 10. Let o(k) = -k**2 - 5*k + 4. Let a be o(j). Let r(n) = n + 2. What is the units digit of r(a)?
0
Let d(g) = 3*g**2 + g. Let o be d(1). Suppose 0 = 4*n + 5*u - 16, -5*u - o = -n - 0*n. What is the units digit of n/(-14) + 96/42?
2
Let j be 11/(-3) - (-1)/(-3). Let f be (-23)/j - 3/(-12). Let k = 12 - f. What is the units digit of k?
6
Let r = -8 - -7. Let s be (-3)/r*6 + -2. Suppose -u = 3*u - s, -5*u = 2*z - 38. What is the units digit of z?
9
Suppose -30 = -r + l, l + 108 = -0*r + 4*r. What is the tens digit of r?
2
Suppose 475 = 3*r + 2*l, -3*r - l + 245 = -231. What is the hundreds digit of r?
1
Let n(d) = 6*d - 35. What is the units digit of n(20)?
5
Let j = 121 + -49. What is the units digit of j?
2
Let p be 1 - (3 - 3)/(-3). Suppose a + 0 = p. Suppose -h + 7 = a. What is the units digit of h?
6
Suppose 60 = -0*t + 3*t. Suppose 3*l - 17 = p + p, 4*p - t = 0. What is the units digit of l?
9
Let f(g) be the second derivative of g**6/40 + g**3/6 + g**2 - 2*g. Let y(u) be the first derivative of f(u). What is the units digit of y(1)?
4
Let a = 32 + -12. What is the tens digit of a?
2
Suppose 0 = 4*i - 2*r - 18, -i = r - 4 + 1. Suppose 50 = 5*t + 5*v, i*v + 24 = 3*t + v. What is the units digit of t?
9
Let v be (4/6)/(1/3). Suppose -5*k = -v*l + l - 22, -k = 4*l + 4. Suppose -k*n + 23 = -u, 4*n - 26 = n - u. What is the units digit of n?
7
Let w(g) = g**2 - g. Let q(p) = p**3 + 5*p**2 - 6*p - 1. Let s be q(-6). Let b be w(s). Suppose i - b*i = -7. What is the units digit of i?
7
Let f = 45 + -18. Let a = -11 + f. What is the tens digit of a?
1
Suppose -4*j - 300 = -1484. What is the tens digit of j?
9
Suppose -1 = -2*n + 1. Suppose 0 = 4*d - 3 - n. What is the units digit of ((-8)/(-10))/(d/10)?
8
Let b = -61 - -136. Suppose 5*k - 20 = b. Suppose 3*g + 1 - k = 0. What is the units digit of g?
6
Let m = -44 - -46. What is the units digit of m?
2
Let k(p) = 2*p + 10. Suppose -24*y - 10 = -26*y. What is the tens digit of k(y)?
2
Suppose -2*r + 0 = 10, 2*p - r = 15. Suppose 0 = p*q, 3*u + 2*q + q - 75 = 0. What is the tens digit of u?
2
Suppose 0 = 30*n - 29*n - 5. What is the units digit of n?
5
Let s(h) = -h**3 + 6*h**2 + 2 + h + 0*h**2 + 2. What is the units digit of s(5)?
4
What is the units digit of (18/(-5))/(6/(-15))?
9
Suppose j + 21 = 2*j + 5*l, -2*j = -4*l + 14. Suppose 3*a - 8 = j, w + 3*a - 22 = 0. What is the tens digit of w?
1
Let j = -80 + 30. Let z = j + 71. Let d = -6 + z. What is the units digit of d?
5
What is the units digit of (-2)/(-4)*(7 - -5)?
6
Suppose 5*r + 30 = 4*i, 5 + 10 = 3*i. What is the units digit of ((-3)/r)/((-36)/(-192))?
8
Let a be -3*(2 + -3) + 5. Suppose -2*n + 0*n + a = 0. What is the units digit of n?
4
Suppose -4*s + 2*s = -6. Suppose s*p + 0 - 6 = 0. What is the units digit of (2/(-6))/(p/(-54))?
9
Suppose -11*o + 2*o + 315 = 0. What is the units digit of o?
5
Let v be 34/(-3) - (-4)/(-6). Let p = 43 + -33. What is the units digit of (v/p)/(2/(-10))?
6
Let a = 10 - 14. What is the units digit of (8 + a)*(-6)/(-4)?
6
Let l(h) = -8*h + 9. What is the units digit of l(-6)?
7
Let d(j) be the second derivative of -5*j**3/6 + 3*j**2/2 + 2*j. Let y be d(3). Let h = y - -24. What is the tens digit of h?
1
What is the tens digit of (54/4)/(13/26)?
2
Let s = -1 - -17. Let r = -10 + s. Suppose 1 - 3 = -2*w - 2*k, 3*w + 2*k - r = 0. What is the units digit of w?
4
Let i be 9/(-1 + 2 + 0). Suppose z + 4*t - 3 = -0*t, 3*z - 9 = -2*t. Let f = i - z. What is the units digit of f?
6
Suppose -l + 17 = -3*i, 9 = 3*l - 3*i - 18. Let r = 1 + 2. Suppose a + r = l. What is the units digit of a?
2
Let v be 6 + (2 - 1)*-1. Let h(q) = -q**2 + 7*q - 2. What is the units digit of h(v)?
8
Suppose -5*u + 21 = -4*r, -r - 8 = r - 2*u. What is the units digit of r?
1
Let d = 876 - 586. What is the tens digit of d?
9
Let q = 6 + -1. Let x = q + -4. What is the units digit of x/1*(-45)/(-9)?
5
Let q(w) = 2*w + 6. What is the tens digit of q(6)?
1
Let t(n) = n**3 - 2*n**2 + 2*n - 1. Let p be t(1). Let s = 3 - p. What is the units digit of s?
3
Suppose -3*w - 4*k + 18 = -8, 0 = 4*w + k - 13. Suppose -6*c + 9 = -3*c. What is the units digit of w + c/(9/6)?
4
Let p(z) = -10 - z**3 + 0*z - 5*z - 8*z**2 + 2*z. What is the tens digit of p(-8)?
1
Suppose 0 = -a + 2 + 2, 3*h - 664 = -4*a. What is the units digit of h?
6
Let x(a) = 5*a - 10. Let k be x(-11). Let g = k + 103. What is the units digit of g?
8
Suppose 21 = 3*m - 45. What is the units digit of m?
2
Suppose 0*q = 3*q - 6. Suppose -q*s - 1 = -17. What is the tens digit of (-8)/(-32) + 142/s?
1
Let y(t) = -t**3 - 15*t**2 - 14*t + 2. Let x be y(-14). Suppose -g + 25 = -x*f, 3*g + 2*f = 6*f + 65. What is the tens digit of g?
1
Suppose -5*v + 2*g + 214 = 3*g, 4*v + 3*g - 180 = 0. What is the units digit of v?
2
Suppose v + 3 = -3*y + 11, 2*y + 3 = v. Suppose -v*h - 9 = -29. What is the units digit of h?
4
Suppose -2*u - 2 + 6 = 0. Let g be 5/5 - (-2 + -1). What is the units digit of 6/g + (-1)/u?
1
Let q be (20/3)/(6/9). Suppose -3*m = -8*m + q. What is th